{"id":3263,"date":"2014-03-11T20:05:51","date_gmt":"2014-03-11T20:05:51","guid":{"rendered":"http:\/\/www.nautesdeparis.fr\/boutique\/?product=paris-dun-passage-couvert-a-lautre"},"modified":"2014-11-23T19:44:19","modified_gmt":"2014-11-23T17:44:19","slug":"paris-dun-passage-couvert-a-lautre","status":"publish","type":"product","link":"https:\/\/www.nautesdeparis.fr\/boutique\/produit\/paris-dun-passage-couvert-a-lautre\/","title":{"rendered":"Paris, d&rsquo;un passage couvert \u00e0 l&rsquo;autre"},"content":{"rendered":"<p><strong>Au choix, jeu ou balade guid\u00e9e pour une nouvelle visite des passages couverts<\/strong><\/p>\n<p>O\u00f9 habitait l\u2019ancien bagnard devenu policier qui a inspir\u00e9 de nombreux \u00e9crivains au 19e si\u00e8cle ? Le groupe Allianz est propri\u00e9taire d\u2019un passage couvert \u00e0 Paris. Savez-vous lequel ?<\/p>\n<p>Les r\u00e9ponses \u00e0 ces questions et d\u2019autres questions sont dans ce guide d\u2019un nouveau genre, qui propose une formule \u00ab rallye et\/ou balade \u00bb pour d\u00e9couvrir \u00e0 pied en vous amusant, ou bien cal\u00e9 dans votre fauteuil l\u2019histoire des galeries et passages couverts de la Capitale, des lieux conviviaux qui incitent \u00e0 la fl\u00e2nerie.<\/p>\n<p>La premi\u00e8re partie propose un rallye p\u00e9destre et la seconde, intitul\u00e9e balade r\u00e9unit les questions avec leurs r\u00e9ponses. Ce livre s\u2019adresse aux curieux d\u00e9sireux de d\u00e9couvrir, ou de faire d\u00e9couvrir Paris d\u2019une mani\u00e8re diff\u00e9rente ? Chaque passage poss\u00e8de sa personnalit\u00e9 et a son propre pouvoir de s\u00e9duction. Bien \u00e0 l\u2019abri, quel que soit le temps, retrouvons les boutiques qui ont su garder l\u2019esprit de leurs origines et celles plus r\u00e9centes qui restituent cette ambiance pass\u00e9e.<\/p>\n<p><strong>Animer ou accompagner<\/strong><\/p>\n<p>Seul ou en groupe, avec des amis, des enfants, vous pourrez animer le Rallye o\u00f9 les accompagner en optant pour la partie Balade (avec les r\u00e9ponses). Vous pourrez faire cette sortie en une ou plusieurs fois, tout en sachant que le parcours complet peut-\u00eatre fait en une journ\u00e9e. Ces pages vont aussi vous permettre gr\u00e2ce \u00e0 une importante iconographie de voyager \u00e0 travers le temps, aux 19e et 20e si\u00e8cles. Mais, il est vrai que le point de d\u00e9part temporel est dans un lieu cr\u00e9\u00e9 au XVIIIe si\u00e8cle&#8230;<\/p>\n<p><em> 120 pages au format 16\u00d724 cm<br \/>\nbroch\u00e9 couverture \u00e0 rabats<br \/>\n\u00e9dit\u00e9 par Les Nautes de Paris, Paris 14e<br \/>\nimp. Jouve, Mayenne<br \/>\nprix : 19,80\u20ac ttc<br \/>\nen librairie 18 f\u00e9vrier 2014<\/em><\/p>\n","protected":false},"excerpt":{"rendered":"<p>Au choix, jeu ou balade guid\u00e9e pour une nouvelle visite des passages couverts O\u00f9 habitait l\u2019ancien bagnard devenu policier qui a inspir\u00e9 de nombreux \u00e9crivains au 19e si\u00e8cle ? Le groupe Allianz est propri\u00e9taire d\u2019un passage couvert \u00e0 Paris. Savez-vous lequel ? Les r\u00e9ponses \u00e0 ces questions et d\u2019autres questions sont dans ce guide d\u2019un&hellip;<\/p>\n","protected":false},"featured_media":3264,"comment_status":"closed","ping_status":"closed","template":"","meta":[],"product_cat":[103],"product_tag":[210,208,209,207],"yoast_head":"<!-- This site is optimized with the Yoast SEO plugin v20.8 - https:\/\/yoast.com\/wordpress\/plugins\/seo\/ -->\n<title>Paris, d&#039;un passage couvert \u00e0 l&#039;autre<\/title>\n<meta name=\"description\" content=\"Livre broch\u00e9 proposant un rallye ou une balade guid\u00e9e pour une nouvelle visite de chaque passage couvert de Paris. Parution le 18 f\u00e9vrier 2014.\" \/>\n<meta name=\"robots\" content=\"index, follow, max-snippet:-1, max-image-preview:large, max-video-preview:-1\" \/>\n<link rel=\"canonical\" href=\"https:\/\/www.nautesdeparis.fr\/boutique\/produit\/paris-dun-passage-couvert-a-lautre\/\" \/>\n<meta property=\"og:locale\" content=\"fr_FR\" \/>\n<meta property=\"og:type\" content=\"article\" \/>\n<meta property=\"og:title\" content=\"Paris, d&#039;un passage couvert \u00e0 l&#039;autre\" \/>\n<meta property=\"og:description\" content=\"Livre broch\u00e9 proposant un rallye ou une balade guid\u00e9e pour une nouvelle visite de chaque passage couvert de Paris. Parution le 18 f\u00e9vrier 2014.\" \/>\n<meta property=\"og:url\" content=\"https:\/\/www.nautesdeparis.fr\/boutique\/produit\/paris-dun-passage-couvert-a-lautre\/\" \/>\n<meta property=\"og:site_name\" content=\"Boutique en ligne\" \/>\n<meta property=\"article:publisher\" content=\"https:\/\/www.facebook.com\/pages\/Les-Nautes-de-Paris\/453604271391853\" \/>\n<meta property=\"article:modified_time\" content=\"2014-11-23T17:44:19+00:00\" \/>\n<meta property=\"og:image\" content=\"https:\/\/www.nautesdeparis.fr\/boutique\/wp-content\/uploads\/2014\/03\/nautes02.jpg\" \/>\n\t<meta property=\"og:image:width\" content=\"2835\" \/>\n\t<meta property=\"og:image:height\" content=\"2835\" \/>\n\t<meta property=\"og:image:type\" content=\"image\/jpeg\" \/>\n<meta name=\"twitter:label1\" content=\"Dur\u00e9e de lecture estim\u00e9e\" \/>\n\t<meta name=\"twitter:data1\" content=\"2 minutes\" \/>\n<script type=\"application\/ld+json\" class=\"yoast-schema-graph\">{\"@context\":\"https:\/\/schema.org\",\"@graph\":[{\"@type\":\"WebPage\",\"@id\":\"https:\/\/www.nautesdeparis.fr\/boutique\/produit\/paris-dun-passage-couvert-a-lautre\/\",\"url\":\"https:\/\/www.nautesdeparis.fr\/boutique\/produit\/paris-dun-passage-couvert-a-lautre\/\",\"name\":\"Paris, d'un passage couvert \u00e0 l'autre\",\"isPartOf\":{\"@id\":\"https:\/\/www.nautesdeparis.fr\/boutique\/#website\"},\"datePublished\":\"2014-03-11T20:05:51+00:00\",\"dateModified\":\"2014-11-23T17:44:19+00:00\",\"description\":\"Livre broch\u00e9 proposant un rallye ou une balade guid\u00e9e pour une nouvelle visite de chaque passage couvert de Paris. Parution le 18 f\u00e9vrier 2014.\",\"breadcrumb\":{\"@id\":\"https:\/\/www.nautesdeparis.fr\/boutique\/produit\/paris-dun-passage-couvert-a-lautre\/#breadcrumb\"},\"inLanguage\":\"fr-FR\",\"potentialAction\":[{\"@type\":\"ReadAction\",\"target\":[\"https:\/\/www.nautesdeparis.fr\/boutique\/produit\/paris-dun-passage-couvert-a-lautre\/\"]}]},{\"@type\":\"BreadcrumbList\",\"@id\":\"https:\/\/www.nautesdeparis.fr\/boutique\/produit\/paris-dun-passage-couvert-a-lautre\/#breadcrumb\",\"itemListElement\":[{\"@type\":\"ListItem\",\"position\":1,\"name\":\"Accueil\",\"item\":\"https:\/\/www.nautesdeparis.fr\/boutique\/\"},{\"@type\":\"ListItem\",\"position\":2,\"name\":\"Boutique en ligne\",\"item\":\"https:\/\/www.nautesdeparis.fr\/boutique\/\"},{\"@type\":\"ListItem\",\"position\":3,\"name\":\"Paris, d&rsquo;un passage couvert \u00e0 l&rsquo;autre\"}]},{\"@type\":\"WebSite\",\"@id\":\"https:\/\/www.nautesdeparis.fr\/boutique\/#website\",\"url\":\"https:\/\/www.nautesdeparis.fr\/boutique\/\",\"name\":\"Boutique en ligne\",\"description\":\"La boutique des Nautes de Paris\",\"potentialAction\":[{\"@type\":\"SearchAction\",\"target\":{\"@type\":\"EntryPoint\",\"urlTemplate\":\"https:\/\/www.nautesdeparis.fr\/boutique\/?s={search_term_string}\"},\"query-input\":\"required name=search_term_string\"}],\"inLanguage\":\"fr-FR\"}]}<\/script>\n<!-- \/ Yoast SEO plugin. -->","yoast_head_json":{"title":"Paris, d'un passage couvert \u00e0 l'autre","description":"Livre broch\u00e9 proposant un rallye ou une balade guid\u00e9e pour une nouvelle visite de chaque passage couvert de Paris. Parution le 18 f\u00e9vrier 2014.","robots":{"index":"index","follow":"follow","max-snippet":"max-snippet:-1","max-image-preview":"max-image-preview:large","max-video-preview":"max-video-preview:-1"},"canonical":"https:\/\/www.nautesdeparis.fr\/boutique\/produit\/paris-dun-passage-couvert-a-lautre\/","og_locale":"fr_FR","og_type":"article","og_title":"Paris, d'un passage couvert \u00e0 l'autre","og_description":"Livre broch\u00e9 proposant un rallye ou une balade guid\u00e9e pour une nouvelle visite de chaque passage couvert de Paris. Parution le 18 f\u00e9vrier 2014.","og_url":"https:\/\/www.nautesdeparis.fr\/boutique\/produit\/paris-dun-passage-couvert-a-lautre\/","og_site_name":"Boutique en ligne","article_publisher":"https:\/\/www.facebook.com\/pages\/Les-Nautes-de-Paris\/453604271391853","article_modified_time":"2014-11-23T17:44:19+00:00","og_image":[{"width":2835,"height":2835,"url":"https:\/\/www.nautesdeparis.fr\/boutique\/wp-content\/uploads\/2014\/03\/nautes02.jpg","type":"image\/jpeg"}],"twitter_misc":{"Dur\u00e9e de lecture estim\u00e9e":"2 minutes"},"schema":{"@context":"https:\/\/schema.org","@graph":[{"@type":"WebPage","@id":"https:\/\/www.nautesdeparis.fr\/boutique\/produit\/paris-dun-passage-couvert-a-lautre\/","url":"https:\/\/www.nautesdeparis.fr\/boutique\/produit\/paris-dun-passage-couvert-a-lautre\/","name":"Paris, d'un passage couvert \u00e0 l'autre","isPartOf":{"@id":"https:\/\/www.nautesdeparis.fr\/boutique\/#website"},"datePublished":"2014-03-11T20:05:51+00:00","dateModified":"2014-11-23T17:44:19+00:00","description":"Livre broch\u00e9 proposant un rallye ou une balade guid\u00e9e pour une nouvelle visite de chaque passage couvert de Paris. Parution le 18 f\u00e9vrier 2014.","breadcrumb":{"@id":"https:\/\/www.nautesdeparis.fr\/boutique\/produit\/paris-dun-passage-couvert-a-lautre\/#breadcrumb"},"inLanguage":"fr-FR","potentialAction":[{"@type":"ReadAction","target":["https:\/\/www.nautesdeparis.fr\/boutique\/produit\/paris-dun-passage-couvert-a-lautre\/"]}]},{"@type":"BreadcrumbList","@id":"https:\/\/www.nautesdeparis.fr\/boutique\/produit\/paris-dun-passage-couvert-a-lautre\/#breadcrumb","itemListElement":[{"@type":"ListItem","position":1,"name":"Accueil","item":"https:\/\/www.nautesdeparis.fr\/boutique\/"},{"@type":"ListItem","position":2,"name":"Boutique en ligne","item":"https:\/\/www.nautesdeparis.fr\/boutique\/"},{"@type":"ListItem","position":3,"name":"Paris, d&rsquo;un passage couvert \u00e0 l&rsquo;autre"}]},{"@type":"WebSite","@id":"https:\/\/www.nautesdeparis.fr\/boutique\/#website","url":"https:\/\/www.nautesdeparis.fr\/boutique\/","name":"Boutique en ligne","description":"La boutique des Nautes de Paris","potentialAction":[{"@type":"SearchAction","target":{"@type":"EntryPoint","urlTemplate":"https:\/\/www.nautesdeparis.fr\/boutique\/?s={search_term_string}"},"query-input":"required name=search_term_string"}],"inLanguage":"fr-FR"}]}},"_links":{"self":[{"href":"https:\/\/www.nautesdeparis.fr\/boutique\/wp-json\/wp\/v2\/product\/3263"}],"collection":[{"href":"https:\/\/www.nautesdeparis.fr\/boutique\/wp-json\/wp\/v2\/product"}],"about":[{"href":"https:\/\/www.nautesdeparis.fr\/boutique\/wp-json\/wp\/v2\/types\/product"}],"replies":[{"embeddable":true,"href":"https:\/\/www.nautesdeparis.fr\/boutique\/wp-json\/wp\/v2\/comments?post=3263"}],"wp:featuredmedia":[{"embeddable":true,"href":"https:\/\/www.nautesdeparis.fr\/boutique\/wp-json\/wp\/v2\/media\/3264"}],"wp:attachment":[{"href":"https:\/\/www.nautesdeparis.fr\/boutique\/wp-json\/wp\/v2\/media?parent=3263"}],"wp:term":[{"taxonomy":"product_cat","embeddable":true,"href":"https:\/\/www.nautesdeparis.fr\/boutique\/wp-json\/wp\/v2\/product_cat?post=3263"},{"taxonomy":"product_tag","embeddable":true,"href":"https:\/\/www.nautesdeparis.fr\/boutique\/wp-json\/wp\/v2\/product_tag?post=3263"}],"curies":[{"name":"wp","href":"https:\/\/api.w.org\/{rel}","templated":true}]}}